 12.
12
Suppose 0*q + 5*q = 40. Let f = 35 - q. Let s be 0 - (-5)/5*(17 + 1). Calculate the greatest common factor of s and f.
9
Let f be (1 - -2) + (-2)/1. Suppose -22 = -3*a - f. Calculate the highest common factor of 63 and a.
7
Suppose 2*o - 2*b = b + 4, 10 = 5*o + b. Suppose 24 = 3*l - 3*u, -o*l = -5*u - 0*u - 10. What is the highest common divisor of 20 and l?
10
Suppose -v + 5*t - 3 = 0, 2*v + 0*v - 2*t = 2. Let l be (1/v)/(1/8). Let m = 0 + 4. Calculate the highest common divisor of m and l.
4
Suppose -m - w + 1 + 0 = 0, 5*w = -15. Suppose 10*q = -m*o + 5*q + 24, -5 = -o - q. Let v = 0 + o. What is the highest common factor of 4 and v?
1
Suppose -5*o - 39 = -c, -2*o - 5*c = 9 + 12. Let q be o/2*55/(-20). Calculate the greatest common factor of q and 55.
11
Let w(f) = f**2 + 18*f - 5. Let m be w(-19). Let x be 101/1*1 - 3. What is the greatest common divisor of m and x?
14
Let l be 3/((-3)/(-6) + 1). Suppose 2*q + 40 = 5*p + 4*q, l*q = p - 20. Calculate the highest common factor of p and 80.
10
Let q be 1 - (2/2 + 8). Let m = 5 + q. Let l(h) = -24*h - 2. Let b be l(m). Calculate the highest common factor of 28 and b.
14
Let g(s) = -s**3 + 7*s**2 + 7*s + 13. Let d be g(8). Let u(w) = w**3 - 2*w**2 - 3*w + 2. Let h be u(3). What is the highest common divisor of d and h?
1
Let c = -92 + 155. What is the greatest common factor of c and 63?
63
Suppose -14 = -5*c - q + 2, 4*q = 5*c - 11. What is the highest common factor of 24 and c?
3
Let l = 13 - 1. What is the greatest common divisor of l and 96?
12
Suppose 0 = -3*f - 2*j + 6*j + 102, 5*f = 3*j + 159. Calculate the highest common factor of f and 210.
30
Suppose 22 + 14 = 4*v + 4*l, 2*l = 3*v - 17. Let n = v - 3. Calculate the greatest common divisor of n and 28.
4
Suppose 0 = 5*b - f - 494, -4*f + 2*f + 200 = 2*b. Suppose -5*r + 1 = 21. Let y be 46/4 - (-2)/r. What is the highest common factor of y and b?
11
Suppose 2*q + 72 = 6*q. Let x be (-6)/q - (-22)/3. Calculate the greatest common divisor of 70 and x.
7
Let h(n) = n**3 - 13*n**2 + 5*n - 5. Let q be h(13). Calculate the highest common divisor of q and 20.
20
Suppose 2*t + 249 = 7. Let q = -69 - t. Calculate the highest common factor of 13 and q.
13
Let i(j) = 2*j**2 - 3*j + 3. Let r be i(2). Let x = r + -2. Suppose -x*g = -4*d - 58, g = -g + 4*d + 36. Calculate the highest common divisor of 2 and g.
2
Suppose n = 4*n - 75. Calculate the greatest common factor of 75 and n.
25
Suppose -3 = -2*k + 5. Let y = 21 - 12. Let a = -8 + y. Calculate the greatest common divisor of a and k.
1
Let s be 4*-2*(-6)/4. Let t(w) be the first derivative of -11*w**4/4 + 2*w**3/3 + w**2 + w + 1. Let f be t(-1). What is the greatest common factor of s and f?
12
Let a = 624 - 350. Let s = 290 + -170. Let t = a - s. Calculate the highest common divisor of 14 and t.
14
Let m(c) = 18*c - 2. Let f be m(4). What is the highest common divisor of 10 and f?
10
Let p(v) = v**2 + 7*v + 7. Let d be p(-6). Let n be -1 + (d - (-28)/4). Calculate the greatest common divisor of n and 21.
7
Let y be 12 + -1 + -5 + 5. What is the highest common factor of y and 44?
11
Suppose -13 = -3*t - 4. Suppose -4*o - 96 = -t*z + 64, 0 = 3*o - 6. What is the highest common factor of 7 and z?
7
Let i be 125 - 1 - (-6 + 10). What is the greatest common divisor of i and 48?
24
Suppose -2 = 3*j - 17. Suppose 2*u - 2*i - 2*i = 22, 1 = -4*u - i. What is the highest common factor of u and j?
1
Let i(s) = 2*s**2. Let b be i(-2). What is the greatest common factor of b and 40?
8
Suppose -2*k - 508 = -3*j, -j - 3*j + 674 = -k. What is the highest common factor of 24 and j?
24
Suppose -t - 4*f - 3 = 0, 3*t + f + 7 = 4*t. Let h = 23 + -9. Let i be 66/14 + 4/h. What is the greatest common divisor of i and t?
5
Let q be 2 + (0 - (-1 + -96)). Let p(x) = x**3 - x**2 - 2*x - 3. Let i be p(3). What is the greatest common factor of q and i?
9
Let n be 4/(-18) - 897/(-27). Suppose -5*q + 9 + 11 = 0. Suppose -110 = -d - q*d - 5*z, -d - 2*z = -22. Calculate the highest common factor of n and d.
11
Let u be (-10)/(-35) + (-38)/(-14). Suppose -u*n + 189 = -36. Calculate the greatest common factor of 15 and n.
15
Suppose 0 = -0*k - k - 3. Let j be k*(0 - (-1)/(-1)). Let c = 0 + 3. What is the greatest common divisor of c and j?
3
Suppose 650 = 2*k - 5*d, 4*k + 3*d - 460 = 866. Calculate the highest common factor of k and 30.
30
Let z = 37 + -15. Calculate the highest common factor of 11 and z.
11
Suppose -2*v = -3*v + 120. Calculate the highest common divisor of v and 15.
15
Suppose 0 = -3*r - 22 + 442. Let t = -56 + r. Calculate the highest common divisor of 12 and t.
12
Let j be 5/10*(120 + 0). Suppose 4*p - j = -p. Calculate the highest common factor of 4 and p.
4
Let a(c) = 8*c. Let j be a(4). Calculate the highest common divisor of j and 80.
16
Suppose -5*w - 364 = -9*w. Suppose -5*a + 43 = -4*a + 5*r, 3*a - 4*r = w. Calculate the highest common divisor of a and 3.
3
Suppose -4*q + 0*q = -36. Calculate the greatest common factor of q and 3.
3
Suppose v - 1 - 3 = 0. Let o(h) = -h**2 + 6*h - 5. Let y be o(v). Suppose 21 - 72 = -y*n. What is the greatest common divisor of n and 153?
17
Let p be (-12 - -32) + 1 + -1 + 0. What is the highest common factor of p and 50?
10
Suppose 4*y = 6 + 6. Suppose -o - y = -9. Calculate the highest common factor of 24 and o.
6
Let b = 18 - 5. Calculate the highest common factor of b and 104.
13
Let x = -2 - -4. Let a(o) = o**2 + 9*o + 4. Let f be a(-9). Suppose -5*m + f*z + 56 + 24 = 0, 0 = 2*m - z - 32. Calculate the highest common factor of m and x.
2
Suppose -9 = 2*p + 4*y - 29, -4 = -4*y. Suppose 35 = 3*g - 4*u - 13, -32 = -2*g + 3*u. What is the greatest common factor of g and p?
8
Let b(k) = 34*k - 2. Let i be b(-2). Let o = 88 - 61. Let v be 6/o - i/9. What is the highest common divisor of 8 and v?
8
Let h(p) = -p**3 + 11*p**2 - 13*p + 4. Let b be h(9). What is the highest common divisor of b and 7?
7
Let q(d) = 22*d. Let k be q(5). Calculate the greatest common factor of 22 and k.
22
Let b = 182 - 21. Calculate the greatest common divisor of b and 7.
7
Suppose 0 = 5*l + 5*n - 103 - 17, -2*l + 53 = -3*n. Calculate the greatest common divisor of 100 and l.
25
Let x be (-20)/3*45/(-12). Suppose 0 - x = -5*j. Suppose -3*n = -0*m - j*m + 66, -8 = 4*n. What is the highest common divisor of m and 96?
12
Let y be (3 + (-8)/6)/(5/90). Calculate the highest common factor of 75 and y.
15
Let b(y) = y**2 + 5*y - 10. Let d be b(6). What is the highest common divisor of d and 8?
8
Suppose -o = 5*n - 107, 4*o - n = n + 406. What is the highest common divisor of 34 and o?
34
Let u be (-1)/(-1) - (4 - 0). Let t(j) = -j**2 - 5*j - 3. Let l be t(u). Suppose -l*q = -q - 154. Calculate the greatest common factor of q and 7.
7
Let t be -8*(-3)/6 - -1. Suppose -v - 16 = -t*v. Calculate the greatest common factor of v and 32.
4
Suppose 0 = 5*f, 5*b + f = 55 - 0. Let s(h) = -7 + h**2 + h**3 - 3 + 7. Let m be s(4). Calculate the highest common factor of b and m.
11
Suppose 3*l + 42 = 3*k, -4*k = -3*l - 62 + 11. Let a(t) = -1 - t + 3*t + 45*t**2 - 3*t. Let n be a(-1). What is the highest common factor of k and n?
9
Suppose v - 5 = 0, -2*h + 4*v = 2*h - 132. What is the highest common factor of h and 95?
19
Let v(k) = 77*k**2 - 5*k. Let i be v(1). What is the greatest common factor of 12 and i?
12
Let i(f) = 8*f**2 + f - 5. Let n(s) = s**2 + 5*s + 2. Let j be n(-3). Let x be i(j). Suppose -r + 17 = -0*r. What is the highest common divisor of x and r?
17
Let c be (((-122)/10)/1)/(95/(-475)). What is the highest common divisor of 305 and c?
61
Let o(q) = -q**3 + 6*q**2 - 5*q + 4. Let i be o(5). Let v be (-11)/(-4) - (-1)/i. Let r be (v - 2)*1 + 11. Calculate the greatest common divisor of 24 and r.
12
Suppose -2*d + 44 = -36. Let j = -74 - -82. What is the highest common divisor of j and d?
8
Let d = 1 - 3. Let r be (-1)/d - (-79)/2. Suppose -z + 4*j - 24 = -3*z, -5*z + 28 = 2*j. Calculate the highest common divisor of r and z.
4
Let g be 25/(-5) + 2 - -30. Calculate the greatest common factor of g and 3.
3
Let v = -3 + 5. Suppose -v*y + 48 = 2*y. Let t = -19 + 31. What is the greatest common factor of y and t?
12
Let d = 0 + 7. Let r = d - 4. Suppose 3 = 3*w - r. Calculate the highest commo